{"id":93341,"date":"2025-07-11T16:02:14","date_gmt":"2025-07-11T20:02:14","guid":{"rendered":"https:\/\/www.assent.com\/?page_id=93341"},"modified":"2025-08-01T15:39:50","modified_gmt":"2025-08-01T19:39:50","slug":"james-calder","status":"publish","type":"page","link":"https:\/\/www.assent.com\/fr\/entreprise\/equipe-direction\/james-calder\/","title":{"rendered":"James Calder"},"content":{"rendered":"\n<section  class=\"team-bio-hero\">\n    <div class=\"team-bio-hero__wrapper\">\n    <div class=\"container\">\n        <div class=\"team-bio-hero__left\">\n            <div class=\"breadcrumbs\">\n                <ul>\n                                    <\/ul>\n            <\/div>\n            <div class=\"team-bio-hero__content\">\n                <div class=\"team-bio-hero__header\">\n                                            <h1 class=\"team-bio-hero__name\">\n                            James Calder                        <\/h1>\n                    \n                                            <div>\n                            <a href=\"https:\/\/www.linkedin.com\/in\/james-calder-9318237\/\" target=\"_blank\" rel=\"noopener noreferrer\" class=\"team-bio-hero__linkedin\">\n                                <svg xmlns=\"http:\/\/www.w3.org\/2000\/svg\" width=\"24\" height=\"24\" viewBox=\"0 0 24 24\" fill=\"none\">\n                                    <path d=\"M22.2283 0H1.77167C1.30179 0 0.851161 0.186657 0.518909 0.518909C0.186657 0.851161 0 1.30179 0 1.77167V22.2283C0 22.6982 0.186657 23.1488 0.518909 23.4811C0.851161 23.8133 1.30179 24 1.77167 24H22.2283C22.6982 24 23.1488 23.8133 23.4811 23.4811C23.8133 23.1488 24 22.6982 24 22.2283V1.77167C24 1.30179 23.8133 0.851161 23.4811 0.518909C23.1488 0.186657 22.6982 0 22.2283 0ZM7.15333 20.445H3.545V8.98333H7.15333V20.445ZM5.34667 7.395C4.93736 7.3927 4.53792 7.2692 4.19873 7.04009C3.85955 6.81098 3.59584 6.48653 3.44088 6.10769C3.28591 5.72885 3.24665 5.31259 3.32803 4.91145C3.40941 4.51032 3.6078 4.14228 3.89816 3.85378C4.18851 3.56529 4.55782 3.36927 4.95947 3.29046C5.36112 3.21165 5.77711 3.25359 6.15495 3.41099C6.53279 3.56838 6.85554 3.83417 7.08247 4.17481C7.30939 4.51546 7.43032 4.91569 7.43 5.325C7.43386 5.59903 7.38251 5.87104 7.27901 6.1248C7.17551 6.37857 7.02198 6.6089 6.82757 6.80207C6.63316 6.99523 6.40185 7.14728 6.14742 7.24915C5.893 7.35102 5.62067 7.40062 5.34667 7.395ZM20.4533 20.455H16.8467V14.1933C16.8467 12.3467 16.0617 11.7767 15.0483 11.7767C13.9783 11.7767 12.9283 12.5833 12.9283 14.24V20.455H9.32V8.99167H12.79V10.58H12.8367C13.185 9.875 14.405 8.67 16.2667 8.67C18.28 8.67 20.455 9.865 20.455 13.365L20.4533 20.455Z\" fill=\"currentColor\"\/>\n                                <\/svg>\n                            <\/a>\n                        <\/div>\n                                    <\/div>\n\n                                    <p class=\"team-bio-hero__title\">\n                        Vice-pr\u00e9sident des programmes r\u00e9glementaires et de conformit\u00e9                    <\/p>\n                            <\/div>\n        <\/div>\n        <div>\n            <img decoding=\"async\" src=\"https:\/\/www.assent.com\/wp-content\/uploads\/2025\/07\/James-Calder_large.webp\" alt=\"James Calder\" width=\"528\" height=\"574\">\n        <\/div>\n    <\/div>\n\n<\/div><\/section>\n\n\n\n\n<div style=\"height:42px\" aria-hidden=\"true\" class=\"wp-block-spacer\"><\/div>\n\n\n\r\n<!-- WYSIWYG -->\r\n        <section class=\"wysiwyg-section\">\r\n            <div class=\"container\"><p>James dirige la fonction de D\u00e9veloppement Corporate chez Assent, cr\u00e9ant et mettant en \u0153uvre des strat\u00e9gies visant \u00e0 augmenter les partenariats strat\u00e9giques et les ventes par l&rsquo;interm\u00e9diaire de canaux, et \u00e0 identifier des opportunit\u00e9s de croissance par le biais de fusions et acquisitions.<\/p>\n<p>James a contribu\u00e9 \u00e0 la gestion des donn\u00e9es, \u00e0 la v\u00e9rification, \u00e0 l&rsquo;\u00e9valuation, \u00e0 la formation et \u00e0 l&rsquo;engagement de la cha\u00eene d&rsquo;approvisionnement, \u00e0 l&rsquo;att\u00e9nuation des risques et \u00e0 la strat\u00e9gie de diligence raisonnable chez Assent. Fort de plus de 20 ans d&rsquo;exp\u00e9rience en mati\u00e8re de conformit\u00e9, il a dirig\u00e9 l&rsquo;\u00e9quipe d&rsquo;experts en r\u00e9glementation et conformit\u00e9 d&rsquo;Assent, prodiguant des conseils dans des domaines tels que la gestion des mat\u00e9riaux et des substances, la responsabilit\u00e9 d&rsquo;approvisionnement et les aspects environnementaux, sociaux et de gouvernance (ESG).<\/p>\n<p><a href=\"mailto:james.calder@assentcompliance.com\">Envoyer un e-mail \u00e0 James Calder<\/a><\/p>\n<\/div>    \r\n        <\/section>\n\n\n<div style=\"height:84px\" aria-hidden=\"true\" class=\"wp-block-spacer\"><\/div>\n","protected":false},"excerpt":{"rendered":"<p>Rencontrez James Calder, Vice-pr\u00e9sident des programmes r\u00e9glementaires et de conformit\u00e9 d&rsquo;Assent.<\/p>\n","protected":false},"author":21,"featured_media":0,"parent":30757,"menu_order":0,"comment_status":"closed","ping_status":"closed","template":"","meta":{"_acf_changed":false,"footnotes":"","_links_to":"","_links_to_target":""},"categories":[],"class_list":["post-93341","page","type-page","status-publish","hentry"],"acf":[],"yoast_head":"<!-- This site is optimized with the Yoast SEO Premium plugin v26.6 (Yoast SEO v27.0) - https:\/\/yoast.com\/product\/yoast-seo-premium-wordpress\/ -->\n<title>James Calder Vice-pr\u00e9sident des programmes r\u00e9glementaires et de conformit\u00e9 d\u2019Assent.<\/title>\n<meta name=\"description\" content=\"Rencontrez James Calder, Vice-pr\u00e9sident des programmes r\u00e9glementaires et de conformit\u00e9 d&#039;Assent.\" \/>\n<meta name=\"robots\" content=\"index, follow, max-snippet:-1, max-image-preview:large, max-video-preview:-1\" \/>\n<link rel=\"canonical\" href=\"https:\/\/www.assent.com\/fr\/entreprise\/equipe-direction\/james-calder\/\" \/>\n<meta property=\"og:locale\" content=\"fr_FR\" \/>\n<meta property=\"og:type\" content=\"article\" \/>\n<meta property=\"og:title\" content=\"James Calder\" \/>\n<meta property=\"og:description\" content=\"Rencontrez James Calder, Vice-pr\u00e9sident des programmes r\u00e9glementaires et de conformit\u00e9 d&#039;Assent.\" \/>\n<meta property=\"og:url\" content=\"https:\/\/www.assent.com\/fr\/entreprise\/equipe-direction\/james-calder\/\" \/>\n<meta property=\"og:site_name\" content=\"Assent\" \/>\n<meta property=\"article:publisher\" content=\"https:\/\/www.facebook.com\/AssentCompliance\/\" \/>\n<meta property=\"article:modified_time\" content=\"2025-08-01T19:39:50+00:00\" \/>\n<meta name=\"twitter:card\" content=\"summary_large_image\" \/>\n<meta name=\"twitter:site\" content=\"@AssentGlobal\" \/>\n<script type=\"application\/ld+json\" class=\"yoast-schema-graph\">{\"@context\":\"https:\/\/schema.org\",\"@graph\":[{\"@type\":\"WebPage\",\"@id\":\"https:\/\/www.assent.com\/fr\/entreprise\/equipe-direction\/james-calder\/\",\"url\":\"https:\/\/www.assent.com\/fr\/entreprise\/equipe-direction\/james-calder\/\",\"name\":\"James Calder Vice-pr\u00e9sident des programmes r\u00e9glementaires et de conformit\u00e9 d\u2019Assent.\",\"isPartOf\":{\"@id\":\"https:\/\/www.assent.com\/fr\/#website\"},\"datePublished\":\"2025-07-11T20:02:14+00:00\",\"dateModified\":\"2025-08-01T19:39:50+00:00\",\"description\":\"Rencontrez James Calder, Vice-pr\u00e9sident des programmes r\u00e9glementaires et de conformit\u00e9 d'Assent.\",\"breadcrumb\":{\"@id\":\"https:\/\/www.assent.com\/fr\/entreprise\/equipe-direction\/james-calder\/#breadcrumb\"},\"inLanguage\":\"fr-FR\",\"potentialAction\":[{\"@type\":\"ReadAction\",\"target\":[\"https:\/\/www.assent.com\/fr\/entreprise\/equipe-direction\/james-calder\/\"]}]},{\"@type\":\"BreadcrumbList\",\"@id\":\"https:\/\/www.assent.com\/fr\/entreprise\/equipe-direction\/james-calder\/#breadcrumb\",\"itemListElement\":[{\"@type\":\"ListItem\",\"position\":1,\"name\":\"Home\",\"item\":\"https:\/\/www.assent.com\/fr\/\"},{\"@type\":\"ListItem\",\"position\":2,\"name\":\"Entreprise\",\"item\":\"https:\/\/www.assent.com\/fr\/entreprise\/\"},{\"@type\":\"ListItem\",\"position\":3,\"name\":\"\u00c9quipe de direction\",\"item\":\"https:\/\/www.assent.com\/fr\/entreprise\/equipe-direction\/\"},{\"@type\":\"ListItem\",\"position\":4,\"name\":\"James Calder\"}]},{\"@type\":\"WebSite\",\"@id\":\"https:\/\/www.assent.com\/fr\/#website\",\"url\":\"https:\/\/www.assent.com\/fr\/\",\"name\":\"Assent\",\"description\":\"\",\"publisher\":{\"@id\":\"https:\/\/www.assent.com\/fr\/#organization\"},\"potentialAction\":[{\"@type\":\"SearchAction\",\"target\":{\"@type\":\"EntryPoint\",\"urlTemplate\":\"https:\/\/www.assent.com\/fr\/?s={search_term_string}\"},\"query-input\":{\"@type\":\"PropertyValueSpecification\",\"valueRequired\":true,\"valueName\":\"search_term_string\"}}],\"inLanguage\":\"fr-FR\"},{\"@type\":\"Organization\",\"@id\":\"https:\/\/www.assent.com\/fr\/#organization\",\"name\":\"Assent\",\"url\":\"https:\/\/www.assent.com\/fr\/\",\"logo\":{\"@type\":\"ImageObject\",\"inLanguage\":\"fr-FR\",\"@id\":\"https:\/\/www.assent.com\/fr\/#\/schema\/logo\/image\/\",\"url\":\"https:\/\/www.assent.com\/wp-content\/uploads\/2022\/01\/logo.svg\",\"contentUrl\":\"https:\/\/www.assent.com\/wp-content\/uploads\/2022\/01\/logo.svg\",\"width\":1,\"height\":1,\"caption\":\"Assent\"},\"image\":{\"@id\":\"https:\/\/www.assent.com\/fr\/#\/schema\/logo\/image\/\"},\"sameAs\":[\"https:\/\/www.facebook.com\/AssentCompliance\/\",\"https:\/\/x.com\/AssentGlobal\",\"https:\/\/www.linkedin.com\/company\/assent-compliance-inc\"]}]}<\/script>\n<!-- \/ Yoast SEO Premium plugin. -->","yoast_head_json":{"title":"James Calder Vice-pr\u00e9sident des programmes r\u00e9glementaires et de conformit\u00e9 d\u2019Assent.","description":"Rencontrez James Calder, Vice-pr\u00e9sident des programmes r\u00e9glementaires et de conformit\u00e9 d'Assent.","robots":{"index":"index","follow":"follow","max-snippet":"max-snippet:-1","max-image-preview":"max-image-preview:large","max-video-preview":"max-video-preview:-1"},"canonical":"https:\/\/www.assent.com\/fr\/entreprise\/equipe-direction\/james-calder\/","og_locale":"fr_FR","og_type":"article","og_title":"James Calder","og_description":"Rencontrez James Calder, Vice-pr\u00e9sident des programmes r\u00e9glementaires et de conformit\u00e9 d'Assent.","og_url":"https:\/\/www.assent.com\/fr\/entreprise\/equipe-direction\/james-calder\/","og_site_name":"Assent","article_publisher":"https:\/\/www.facebook.com\/AssentCompliance\/","article_modified_time":"2025-08-01T19:39:50+00:00","twitter_card":"summary_large_image","twitter_site":"@AssentGlobal","schema":{"@context":"https:\/\/schema.org","@graph":[{"@type":"WebPage","@id":"https:\/\/www.assent.com\/fr\/entreprise\/equipe-direction\/james-calder\/","url":"https:\/\/www.assent.com\/fr\/entreprise\/equipe-direction\/james-calder\/","name":"James Calder Vice-pr\u00e9sident des programmes r\u00e9glementaires et de conformit\u00e9 d\u2019Assent.","isPartOf":{"@id":"https:\/\/www.assent.com\/fr\/#website"},"datePublished":"2025-07-11T20:02:14+00:00","dateModified":"2025-08-01T19:39:50+00:00","description":"Rencontrez James Calder, Vice-pr\u00e9sident des programmes r\u00e9glementaires et de conformit\u00e9 d'Assent.","breadcrumb":{"@id":"https:\/\/www.assent.com\/fr\/entreprise\/equipe-direction\/james-calder\/#breadcrumb"},"inLanguage":"fr-FR","potentialAction":[{"@type":"ReadAction","target":["https:\/\/www.assent.com\/fr\/entreprise\/equipe-direction\/james-calder\/"]}]},{"@type":"BreadcrumbList","@id":"https:\/\/www.assent.com\/fr\/entreprise\/equipe-direction\/james-calder\/#breadcrumb","itemListElement":[{"@type":"ListItem","position":1,"name":"Home","item":"https:\/\/www.assent.com\/fr\/"},{"@type":"ListItem","position":2,"name":"Entreprise","item":"https:\/\/www.assent.com\/fr\/entreprise\/"},{"@type":"ListItem","position":3,"name":"\u00c9quipe de direction","item":"https:\/\/www.assent.com\/fr\/entreprise\/equipe-direction\/"},{"@type":"ListItem","position":4,"name":"James Calder"}]},{"@type":"WebSite","@id":"https:\/\/www.assent.com\/fr\/#website","url":"https:\/\/www.assent.com\/fr\/","name":"Assent","description":"","publisher":{"@id":"https:\/\/www.assent.com\/fr\/#organization"},"potentialAction":[{"@type":"SearchAction","target":{"@type":"EntryPoint","urlTemplate":"https:\/\/www.assent.com\/fr\/?s={search_term_string}"},"query-input":{"@type":"PropertyValueSpecification","valueRequired":true,"valueName":"search_term_string"}}],"inLanguage":"fr-FR"},{"@type":"Organization","@id":"https:\/\/www.assent.com\/fr\/#organization","name":"Assent","url":"https:\/\/www.assent.com\/fr\/","logo":{"@type":"ImageObject","inLanguage":"fr-FR","@id":"https:\/\/www.assent.com\/fr\/#\/schema\/logo\/image\/","url":"https:\/\/www.assent.com\/wp-content\/uploads\/2022\/01\/logo.svg","contentUrl":"https:\/\/www.assent.com\/wp-content\/uploads\/2022\/01\/logo.svg","width":1,"height":1,"caption":"Assent"},"image":{"@id":"https:\/\/www.assent.com\/fr\/#\/schema\/logo\/image\/"},"sameAs":["https:\/\/www.facebook.com\/AssentCompliance\/","https:\/\/x.com\/AssentGlobal","https:\/\/www.linkedin.com\/company\/assent-compliance-inc"]}]}},"_links":{"self":[{"href":"https:\/\/www.assent.com\/fr\/wp-json\/wp\/v2\/pages\/93341","targetHints":{"allow":["GET"]}}],"collection":[{"href":"https:\/\/www.assent.com\/fr\/wp-json\/wp\/v2\/pages"}],"about":[{"href":"https:\/\/www.assent.com\/fr\/wp-json\/wp\/v2\/types\/page"}],"author":[{"embeddable":true,"href":"https:\/\/www.assent.com\/fr\/wp-json\/wp\/v2\/users\/21"}],"replies":[{"embeddable":true,"href":"https:\/\/www.assent.com\/fr\/wp-json\/wp\/v2\/comments?post=93341"}],"version-history":[{"count":1,"href":"https:\/\/www.assent.com\/fr\/wp-json\/wp\/v2\/pages\/93341\/revisions"}],"predecessor-version":[{"id":93595,"href":"https:\/\/www.assent.com\/fr\/wp-json\/wp\/v2\/pages\/93341\/revisions\/93595"}],"up":[{"embeddable":true,"href":"https:\/\/www.assent.com\/fr\/wp-json\/wp\/v2\/pages\/30757"}],"wp:attachment":[{"href":"https:\/\/www.assent.com\/fr\/wp-json\/wp\/v2\/media?parent=93341"}],"wp:term":[{"taxonomy":"category","embeddable":true,"href":"https:\/\/www.assent.com\/fr\/wp-json\/wp\/v2\/categories?post=93341"}],"curies":[{"name":"wp","href":"https:\/\/api.w.org\/{rel}","templated":true}]}}

<section  class="team-bio-hero">
    <div class="team-bio-hero__wrapper">
    <div class="container">
        <div class="team-bio-hero__left">
            <div class="breadcrumbs">
                <ul>
                                    </ul>
            </div>
            <div class="team-bio-hero__content">
                <div class="team-bio-hero__header">
                                            <h1 class="team-bio-hero__name">
                            James Calder                        </h1>
                    
                                            <div>
                            <a href="https://www.linkedin.com/in/james-calder-9318237/" target="_blank" rel="noopener noreferrer" class="team-bio-hero__linkedin">
                                <svg xmlns="http://www.w3.org/2000/svg" width="24" height="24" viewBox="0 0 24 24" fill="none">
                                    <path d="M22.2283 0H1.77167C1.30179 0 0.851161 0.186657 0.518909 0.518909C0.186657 0.851161 0 1.30179 0 1.77167V22.2283C0 22.6982 0.186657 23.1488 0.518909 23.4811C0.851161 23.8133 1.30179 24 1.77167 24H22.2283C22.6982 24 23.1488 23.8133 23.4811 23.4811C23.8133 23.1488 24 22.6982 24 22.2283V1.77167C24 1.30179 23.8133 0.851161 23.4811 0.518909C23.1488 0.186657 22.6982 0 22.2283 0ZM7.15333 20.445H3.545V8.98333H7.15333V20.445ZM5.34667 7.395C4.93736 7.3927 4.53792 7.2692 4.19873 7.04009C3.85955 6.81098 3.59584 6.48653 3.44088 6.10769C3.28591 5.72885 3.24665 5.31259 3.32803 4.91145C3.40941 4.51032 3.6078 4.14228 3.89816 3.85378C4.18851 3.56529 4.55782 3.36927 4.95947 3.29046C5.36112 3.21165 5.77711 3.25359 6.15495 3.41099C6.53279 3.56838 6.85554 3.83417 7.08247 4.17481C7.30939 4.51546 7.43032 4.91569 7.43 5.325C7.43386 5.59903 7.38251 5.87104 7.27901 6.1248C7.17551 6.37857 7.02198 6.6089 6.82757 6.80207C6.63316 6.99523 6.40185 7.14728 6.14742 7.24915C5.893 7.35102 5.62067 7.40062 5.34667 7.395ZM20.4533 20.455H16.8467V14.1933C16.8467 12.3467 16.0617 11.7767 15.0483 11.7767C13.9783 11.7767 12.9283 12.5833 12.9283 14.24V20.455H9.32V8.99167H12.79V10.58H12.8367C13.185 9.875 14.405 8.67 16.2667 8.67C18.28 8.67 20.455 9.865 20.455 13.365L20.4533 20.455Z" fill="currentColor"/>
                                </svg>
                            </a>
                        </div>
                                    </div>

                                    <p class="team-bio-hero__title">
                        Vice-président des programmes réglementaires et de conformité                    </p>
                            </div>
        </div>
        <div>
            <img decoding="async" src="https://www.assent.com/wp-content/uploads/2025/07/James-Calder_large.webp" alt="James Calder" width="528" height="574">
        </div>
    </div>

</div></section>




<div style="height:42px" aria-hidden="true" class="wp-block-spacer"></div>



<!-- WYSIWYG -->
        <section class="wysiwyg-section">
            <div class="container"><p>James dirige la fonction de Développement Corporate chez Assent, créant et mettant en œuvre des stratégies visant à augmenter les partenariats stratégiques et les ventes par l&rsquo;intermédiaire de canaux, et à identifier des opportunités de croissance par le biais de fusions et acquisitions.</p>
<p>James a contribué à la gestion des données, à la vérification, à l&rsquo;évaluation, à la formation et à l&rsquo;engagement de la chaîne d&rsquo;approvisionnement, à l&rsquo;atténuation des risques et à la stratégie de diligence raisonnable chez Assent. Fort de plus de 20 ans d&rsquo;expérience en matière de conformité, il a dirigé l&rsquo;équipe d&rsquo;experts en réglementation et conformité d&rsquo;Assent, prodiguant des conseils dans des domaines tels que la gestion des matériaux et des substances, la responsabilité d&rsquo;approvisionnement et les aspects environnementaux, sociaux et de gouvernance (ESG).</p>
<p><a href="mailto:james.calder@assentcompliance.com">Envoyer un e-mail à James Calder</a></p>
</div>    
        </section>


<div style="height:84px" aria-hidden="true" class="wp-block-spacer"></div>

<p>Rencontrez James Calder, Vice-président des programmes réglementaires et de conformité d&rsquo;Assent.</p>

<!-- This site is optimized with the Yoast SEO Premium plugin v26.6 (Yoast SEO v27.0) - https://yoast.com/product/yoast-seo-premium-wordpress/ -->
<title>James Calder Vice-président des programmes réglementaires et de conformité d’Assent.</title>
<meta name="description" content="Rencontrez James Calder, Vice-président des programmes réglementaires et de conformité d&#039;Assent." />
<meta name="robots" content="index, follow, max-snippet:-1, max-image-preview:large, max-video-preview:-1" />
<link rel="canonical" href="https://www.assent.com/fr/entreprise/equipe-direction/james-calder/" />
<meta property="og:locale" content="fr_FR" />
<meta property="og:type" content="article" />
<meta property="og:title" content="James Calder" />
<meta property="og:description" content="Rencontrez James Calder, Vice-président des programmes réglementaires et de conformité d&#039;Assent." />
<meta property="og:url" content="https://www.assent.com/fr/entreprise/equipe-direction/james-calder/" />
<meta property="og:site_name" content="Assent" />
<meta property="article:publisher" content="https://www.facebook.com/AssentCompliance/" />
<meta property="article:modified_time" content="2025-08-01T19:39:50+00:00" />
<meta name="twitter:card" content="summary_large_image" />
<meta name="twitter:site" content="@AssentGlobal" />
<script type="application/ld+json" class="yoast-schema-graph">{"@context":"https://schema.org","@graph":[{"@type":"WebPage","@id":"https://www.assent.com/fr/entreprise/equipe-direction/james-calder/","url":"https://www.assent.com/fr/entreprise/equipe-direction/james-calder/","name":"James Calder Vice-président des programmes réglementaires et de conformité d’Assent.","isPartOf":{"@id":"https://www.assent.com/fr/#website"},"datePublished":"2025-07-11T20:02:14+00:00","dateModified":"2025-08-01T19:39:50+00:00","description":"Rencontrez James Calder, Vice-président des programmes réglementaires et de conformité d'Assent.","breadcrumb":{"@id":"https://www.assent.com/fr/entreprise/equipe-direction/james-calder/#breadcrumb"},"inLanguage":"fr-FR","potentialAction":[{"@type":"ReadAction","target":["https://www.assent.com/fr/entreprise/equipe-direction/james-calder/"]}]},{"@type":"BreadcrumbList","@id":"https://www.assent.com/fr/entreprise/equipe-direction/james-calder/#breadcrumb","itemListElement":[{"@type":"ListItem","position":1,"name":"Home","item":"https://www.assent.com/fr/"},{"@type":"ListItem","position":2,"name":"Entreprise","item":"https://www.assent.com/fr/entreprise/"},{"@type":"ListItem","position":3,"name":"Équipe de direction","item":"https://www.assent.com/fr/entreprise/equipe-direction/"},{"@type":"ListItem","position":4,"name":"James Calder"}]},{"@type":"WebSite","@id":"https://www.assent.com/fr/#website","url":"https://www.assent.com/fr/","name":"Assent","description":"","publisher":{"@id":"https://www.assent.com/fr/#organization"},"potentialAction":[{"@type":"SearchAction","target":{"@type":"EntryPoint","urlTemplate":"https://www.assent.com/fr/?s={search_term_string}"},"query-input":{"@type":"PropertyValueSpecification","valueRequired":true,"valueName":"search_term_string"}}],"inLanguage":"fr-FR"},{"@type":"Organization","@id":"https://www.assent.com/fr/#organization","name":"Assent","url":"https://www.assent.com/fr/","logo":{"@type":"ImageObject","inLanguage":"fr-FR","@id":"https://www.assent.com/fr/#/schema/logo/image/","url":"https://www.assent.com/wp-content/uploads/2022/01/logo.svg","contentUrl":"https://www.assent.com/wp-content/uploads/2022/01/logo.svg","width":1,"height":1,"caption":"Assent"},"image":{"@id":"https://www.assent.com/fr/#/schema/logo/image/"},"sameAs":["https://www.facebook.com/AssentCompliance/","https://x.com/AssentGlobal","https://www.linkedin.com/company/assent-compliance-inc"]}]}</script>
<!-- / Yoast SEO Premium plugin. -->

James Calder Vice-président des programmes réglementaires et de conformité d’Assent.

Rencontrez James Calder, Vice-président des programmes réglementaires et de conformité d'Assent.

Équipe de direction
